What is the greatest common divisor of d and 15?
15
Let w(r) = 18*r. Suppose 5 = y + 4. Let d be w(y). Calculate the greatest common divisor of 2 and d.
2
Let r(i) = i**3 - 6*i**2 + 6*i - 1. Suppose -6*k + t = -2*k - 25, 0 = -5*t - 25. Let b be r(k). What is the greatest common divisor of b and 4?
4
Suppose -m = -3, -31 = -5*z - 3*m + 8. Calculate the highest common divisor of 18 and z.
6
Let q(s) = s**2 - 2*s - 1. Let h be q(-1). Let j be h + -1 + (0 - -1). Let b be (3/1 + -1)*8. What is the highest common factor of b and j?
2
Suppose o - 5*z - 32 = -z, 3*z = 2*o - 44. What is the highest common divisor of 4 and o?
4
Let y = 140 + -95. What is the highest common divisor of 9 and y?
9
Let o(y) = y**3 + 7*y**2 + 5*y - 7. Let l be o(-5). Let d = -8 + l. Calculate the greatest common divisor of 10 and d.
10
Let w be 112/18 + 14/(-63). Calculate the highest common factor of w and 66.
6
Let z = 44 - 18. Let s(a) = -9*a**3 + 4*a**2 + 2*a - 6. Let d be s(-2). What is the highest common divisor of d and z?
26
Suppose 2*r - 5*g = 24, 5*r - 3 - 3 = -g. Calculate the greatest common factor of r and 6.
2
Let o(p) = -3*p + 7. Let v be o(5). Let u = v + 14. What is the highest common factor of 54 and u?
6
Suppose -3*y - 2*g + 28 = 0, 5*y + 5*g - 94 = -39. Calculate the greatest common divisor of 24 and y.
6
Suppose -5*y = 3*d - 35, 4*d + 0 - 42 = -2*y. Suppose -c - 2*c + 2*j = -234, 2*j = 6. What is the greatest common divisor of d and c?
10
Let i = -22 - -71. What is the highest common factor of i and 7?
7
Let x = 1 + 0. Suppose -2*t + x + 1 = 0. Let d(h) = h. Let l be d(t). What is the highest common divisor of 1 and l?
1
Let b(i) be the second derivative of -2/3*i**3 + 3*i - 4*i**2 + 0. Let k be b(-8). What is the highest common divisor of 36 and k?
12
Let z = -3 + 6. Suppose q - 48 = -3*q. Calculate the highest common divisor of q and z.
3
Suppose 115 = 5*k + z, -3*k = z - 6*z - 97. Let q = -1 - 1. Let h be 109/3 + q/6. What is the greatest common divisor of k and h?
12
Let i = -2 - -3. Let d be (-6)/(-1) - i - 2. Calculate the greatest common divisor of d and 2.
1
Let t(f) = 2*f**3 - 26*f**2 + 2*f - 24. Let n be t(13). Calculate the highest common divisor of n and 50.
2
Suppose -z + 5 = 4*z. Suppose -j + 4*o + 43 = 0, 4*j - 2*o = -o + 172. Suppose z = -h + j. Calculate the greatest common factor of h and 6.
6
Let a be 376/14 - 1/(-7). Let l = 81 - a. Calculate the greatest common divisor of 6 and l.
6
Let y(b) = b**2 - b - 1. Let u be ((-4)/(-8))/((-1)/(-8)). Let a be y(u). Let q be ((-22)/(-3))/(6/9). What is the highest common divisor of q and a?
11
Let n = -41 - -71. Calculate the highest common factor of 3 and n.
3
Let g be -1 + (156 - -2) + -2. What is the highest common factor of g and 62?
31
Let t = -111 + 50. Let w = t - -86. What is the highest common factor of w and 100?
25
Let z = -14 - -26. Let u = -155 + 217. Let i = 98 - u. What is the highest common divisor of i and z?
12
Let t be (-2)/6 - 2/(-6). Suppose t = -5*r - 11 - 9. Let w be (-2)/r*(2 + 0). What is the greatest common divisor of w and 11?
1
Suppose g + t = 0, 2*t + 0*t = 0. Suppose 0 = -b - g*b + 4. Suppose -a = c - 14, b*a = 7*c - 2*c - 88. What is the highest common divisor of 2 and c?
2
Suppose 3*k - 720 = 2*n, 5*k - 641 = -n + 559. Let f = k - 40. Calculate the highest common factor of 25 and f.
25
Let n = 3 + -4. Let x(i) = 104*i**2 - 2*i - 1. Let p be x(n). What is the greatest common divisor of 42 and p?
21
Let r be (0 + -2)/(1/(-24)). Suppose 42 + r = 5*t. What is the greatest common divisor of t and 126?
18
Let c(j) = -j + 6. Let r be c(5). Suppose -4*z + 54 = 2*i, -z - 13 - 1 = -5*i. Calculate the greatest common divisor of r and z.
1
Let y be 6/(-3) - 24*-1. Let l = 30 + y. Let j be 1/((-2)/l*-2). Calculate the highest common factor of 39 and j.
13
Let p = -59 + 30. Let k = -16 - p. What is the highest common factor of 52 and k?
13
Let a = -76 + 80. Calculate the greatest common factor of 32 and a.
4
Suppose p = -2*k + 37, -2*p + k - 7 + 101 = 0. Suppose -3*o + 5*w = -2, -3*o + 22 = 3*w - 4*w. Calculate the greatest common divisor of p and o.
9
Suppose t + 2*q - 139 = -2*t, 5*q = -2*t + 100. Calculate the greatest common factor of 5 and t.
5
Let u(x) be the third derivative of x**5/60 - x**4/12 - x**3/2 - 4*x**2. Let s be u(-9). Calculate the greatest common factor of s and 12.
12
Suppose -55*d = -54*d - 2. Let u be 0 + (2 - (2 + -3)). What is the highest common factor of d and u?
1
Let u = 9 + -7. Let v be 11 - (-3 + 1 + u). Let r(j) = j**3 + 4*j**2 - 2*j + 3. Let p be r(-4). Calculate the greatest common divisor of v and p.
11
Let l be 8/6 + (-4)/(-6). Let i = l - -3. What is the highest common divisor of 35 and i?
5
Let t = 8 - 1. Let o(w) = w**2 + 0*w**2 - t*w + 3*w. Let c be o(-3). What is the highest common divisor of c and 14?
7
Suppose -5*v + 152 = -48. What is the highest common divisor of v and 16?
8
Let a = 4 - -25. Suppose -12 = u - a. Suppose -6*p + 5*v = -2*p - 587, 2*v - 10 = 0. What is the greatest common divisor of u and p?
17
Let h be 0 + (-3)/(-2)*-4. Let d(i) = i**2 + 4*i - 2. Let q be d(h). Calculate the highest common factor of 50 and q.
10
Let a(u) = u + 30. Let r be a(0). Let y = r - 19. What is the highest common divisor of 66 and y?
11
Suppose -4*g + 24 = -d, 0*d - 4 = -4*g - 4*d. What is the highest common divisor of g and 35?
5
Suppose 3*k = k + 100. Let c = 8 + -3. Suppose p + c = 2*p. Calculate the highest common divisor of p and k.
5
Let p = 18 + -16. Suppose -2*m - p*n = -54, 0 = -4*m + m + n + 77. What is the highest common factor of 104 and m?
26
Let z(t) = -t**3 + 8*t**2 + t - 8. Let v be z(8). Suppose -2*x = -v*x - 20. What is the greatest common divisor of 40 and x?
10
Let r(f) = -f**3 - 2*f**2 - 3*f. Let m be r(-3). Suppose 2*g - c - m = 0, -2*c - 6 = -g + 6. Calculate the greatest common factor of 20 and g.
4
Suppose -3*u + 384 = -2*u. Suppose -d - 97 = -t, -4*t + 5*d + u = 3*d. What is the greatest common factor of t and 19?
19
Let g = -90 - -60. Let c be (-2)/(-4)*g/(-5). Suppose c*n - 2*n - 1 = 0, 0 = 2*a - 4*n - 6. What is the greatest common factor of a and 5?
5
Let b be 2 + (-8)/(-4) - -131. What is the greatest common divisor of b and 15?
15
Let v(i) = i**2 + 5*i - 3. Let h be v(3). Let z(f) = -2*f - 6. Let n be z(-6). Let s = -3 + n. What is the highest common factor of s and h?
3
Let w = -102 - -120. Calculate the greatest common divisor of 45 and w.
9
Let t(q) = 8*q - 12. Let o be t(5). What is the greatest common factor of o and 42?
14
Let t(o) be the second derivative of 3*o**5/4 + o. Let z be t(1). What is the highest common factor of 45 and z?
15
Suppose -n - 5 = 0, -2*n + 3*n - 121 = -3*y. Let p be ((-84)/(-2))/((-6)/(-4)). Calculate the greatest common divisor of y and p.
14
Let a = -8 - -13. Let y be (-1)/(-2) - a/(-2). Suppose y*h - 20 = h. Calculate the greatest common factor of h and 5.
5
Suppose -s + w + w = -40, -178 = -5*s - w. Calculate the greatest common factor of s and 90.
18
Let t = 157 - 42. Let r = 203 - t. Calculate the highest common divisor of r and 8.
8
Suppose -4*c = 5 - 57. Suppose 3*f = f + 104. What is the highest common divisor of f and c?
13
Suppose 2*f - x - 6 = 0, x - 6 = -3*f + 8. Let k(y) = y + 4. Let l be k(-5). Let w = l - -2. Calculate the highest common factor of f and w.
1
Suppose 7*w - 10*w = -90. Calculate the highest common factor of w and 15.
15
Suppose 2*o - o - 12 = 0. Let b = o - 7. Let x be 4/(-10) - (-72)/b. Calculate the highest common divisor of x and 42.
14
Let f(z) = z**3 + 8*z**2 + 9*z + 6. Let i be f(-6). Let d be (4 - (-9)/(-2))*-12. What is the highest common divisor of d and i?
6
Let r be 8/(-20) + (-62)/(-5). Suppose 0 = 4*o, -5*i + 2*o - o = -480. Calculate the highest common factor of r and i.
12
Suppose 21*x = 17*x + 140. Let g be 2*2/(-4) + 176. Calculate the greatest common divisor of x and g.
35
Suppose 2*l = 5*s + 17, 27 + 10 = -5*s - 3*l. Let v be 4*(-1)/4*s. Calculate the greatest common divisor of 10 and v.
5
Let f = -7 - -28. Suppose 5*v - 2*v + 12 = 0. Let b be -42*5/(5/v). What is the greatest common factor of f and b?
21
Let h = 64 - 45. Calculate the greatest common divisor of h and 19.
19
Let s be (-9 + 8)/((-1)/12). Calculate the highest comm